{"id":93,"date":"2020-08-05T14:08:45","date_gmt":"2020-08-05T14:08:45","guid":{"rendered":"https:\/\/www.wetra-muelsen.de\/?page_id=93"},"modified":"2026-03-30T07:48:06","modified_gmt":"2026-03-30T07:48:06","slug":"start","status":"publish","type":"page","link":"https:\/\/www.wetra-muelsen.de\/","title":{"rendered":"Herzlich Willkommen"},"content":{"rendered":"<p style=\"text-align: center;\"><img loading=\"lazy\" decoding=\"async\" class=\"alignleft wp-image-198\" src=\"https:\/\/www.wetra-muelsen.de\/wp-content\/uploads\/2020\/08\/firma-wetra-1024x529.jpg\" alt=\"\" width=\"500\" height=\"258\" srcset=\"https:\/\/www.wetra-muelsen.de\/wp-content\/uploads\/2020\/08\/firma-wetra-1024x529.jpg 1024w, https:\/\/www.wetra-muelsen.de\/wp-content\/uploads\/2020\/08\/firma-wetra-300x155.jpg 300w, https:\/\/www.wetra-muelsen.de\/wp-content\/uploads\/2020\/08\/firma-wetra-768x397.jpg 768w, https:\/\/www.wetra-muelsen.de\/wp-content\/uploads\/2020\/08\/firma-wetra-1536x793.jpg 1536w, https:\/\/www.wetra-muelsen.de\/wp-content\/uploads\/2020\/08\/firma-wetra.jpg 1632w\" sizes=\"auto, (max-width: 500px) 100vw, 500px\" \/><strong style=\"font-size: 1.5rem;\">Die Wetra GmbH ist ein mittelst\u00e4ndiges Unternehmen, das sich seit Gr\u00fcndung, im Jahr 1992, in der Gemeinde M\u00fclsen befindet.<\/strong><\/p>\n<p style=\"text-align: left;\">Wir sind ein Bedachungsgro\u00dfhandel, der sich im Laufe der Jahre immer mehr auf Dachentw\u00e4sserung, Metalleindeckungen und Sonderkantteile im Bereich Flachdach und Steildach spezialisiert hat.<br \/>\nFachkompetenz und zuverl\u00e4ssiger Lieferservice ist unser Anspruch, an dem wir uns als leistungsstarker Bedachungsfachhandel von unseren Kunden und Partnern messen lassen wollen.<\/p>\n<h2><\/h2>\n<h2 style=\"text-align: center;\"><a href=\"https:\/\/www.wetra-muelsen.de\/?page_id=59\"><span style=\"color: #ff0000;\">! Stellenangebot ! <\/span><\/a><\/h2>\n","protected":false},"excerpt":{"rendered":"<p>Die Wetra GmbH ist ein mittelst\u00e4ndiges Unternehmen, das sich seit Gr\u00fcndung, im Jahr 1992, in der Gemeinde M\u00fclsen befindet. Wir sind ein Bedachungsgro\u00dfhandel, der sich im Laufe der Jahre immer mehr auf Dachentw\u00e4sserung, Metalleindeckungen und Sonderkantteile im Bereich Flachdach und Steildach spezialisiert hat. Fachkompetenz und zuverl\u00e4ssiger Lieferservice ist unser Anspruch, an dem wir uns als &hellip;<\/p>\n","protected":false},"author":1,"featured_media":0,"parent":0,"menu_order":0,"comment_status":"closed","ping_status":"closed","template":"","meta":{"footnotes":""},"class_list":["post-93","page","type-page","status-publish","hentry"],"_links":{"self":[{"href":"https:\/\/www.wetra-muelsen.de\/index.php?rest_route=\/wp\/v2\/pages\/93","targetHints":{"allow":["GET"]}}],"collection":[{"href":"https:\/\/www.wetra-muelsen.de\/index.php?rest_route=\/wp\/v2\/pages"}],"about":[{"href":"https:\/\/www.wetra-muelsen.de\/index.php?rest_route=\/wp\/v2\/types\/page"}],"author":[{"embeddable":true,"href":"https:\/\/www.wetra-muelsen.de\/index.php?rest_route=\/wp\/v2\/users\/1"}],"replies":[{"embeddable":true,"href":"https:\/\/www.wetra-muelsen.de\/index.php?rest_route=%2Fwp%2Fv2%2Fcomments&post=93"}],"version-history":[{"count":115,"href":"https:\/\/www.wetra-muelsen.de\/index.php?rest_route=\/wp\/v2\/pages\/93\/revisions"}],"predecessor-version":[{"id":776,"href":"https:\/\/www.wetra-muelsen.de\/index.php?rest_route=\/wp\/v2\/pages\/93\/revisions\/776"}],"wp:attachment":[{"href":"https:\/\/www.wetra-muelsen.de\/index.php?rest_route=%2Fwp%2Fv2%2Fmedia&parent=93"}],"curies":[{"name":"wp","href":"https:\/\/api.w.org\/{rel}","templated":true}]}}